{"id":1764,"date":"2014-11-16T05:15:00","date_gmt":"2014-11-16T04:15:00","guid":{"rendered":"http:\/\/howes-data.thememount.com\/?page_id=1764"},"modified":"2024-05-06T09:55:00","modified_gmt":"2024-05-06T07:55:00","slug":"right-sidebar","status":"publish","type":"page","link":"https:\/\/rarenov.be\/index.php\/right-sidebar\/","title":{"rendered":"Chapes et carrelage"},"content":{"rendered":"<section class=\"wpb-content-wrapper\"><p>[vc_row][vc_column]<div class=\"tm-element-heading-wrapper tm-heading-inner tm-element-align-left \">[vc_cta h2=\"Le sp\u00e9cialiste des chapes et du carrelage\"  h2_use_theme_fonts=\"yes\"  h2_google_fonts=\"font_family:Arimo%3Aregular%2Citalic%2C700%2C700italic|font_style:700%20bold%20regular%3A700%3Anormal\"  h4=\"Vous pensez \u00e0 faire construire une nouvelle maison ? Vous aurez besoin d\u2019un ouvrier sp\u00e9cialis\u00e9 dans les chapes si vous voulez avoir un sol impeccable. Pour obtenir l\u2019effet d\u00e9sir\u00e9, ce sont les experts de R.A Renov qu\u2019il vous faut ! Nous nous chargeons \u00e9galement de la pose de carrelage \u00e0 Anderlecht ou ailleurs.\"  h4_use_theme_fonts=\"yes\"  h4_google_fonts=\"font_family:Lato%3A100%2C100italic%2C300%2C300italic%2Cregular%2Citalic%2C700%2C700italic%2C900%2C900italic|font_style:300%20light%20regular%3A300%3Anormal\"  txt_align=\"left\"  i_css_animation=\"\" css_animation=\"\"][\/vc_cta]<\/div> <!-- .tm-element-heading-wrapper container --> [vc_row_inner][vc_column_inner][vc_column_text]<\/p>\n<h2>Que pouvons-nous faire pour vous ?<\/h2>\n<p>Faites appel \u00e0 nous pour les prestations suivantes :<\/p>\n<ul>\n<li>Terrassement et nivellement de terrain<\/li>\n<li>Pose de chapes de b\u00e9ton, pour l\u2019int\u00e9rieur ou l\u2019ext\u00e9rieur<\/li>\n<li>Pose de carrelages divers<\/li>\n<\/ul>\n<h2>Des professionnels exp\u00e9riment\u00e9s \u00e0 votre service<\/h2>\n<p>Nous b\u00e9n\u00e9ficions d\u2019une exp\u00e9rience de 10 ans dans le domaine du b\u00e2timent : nous sommes donc \u00e0 m\u00eame de prendre en charge tous vos chantiers de A \u00e0 Z ! Nous veillons par ailleurs tout particuli\u00e8rement \u00e0 la nettet\u00e9 des finitions.<\/p>\n<p>N\u2019h\u00e9sitez pas \u00e0<strong> <a href=\"https:\/\/rarenov.be\/index.php\/contact\/\">nous contacter<\/a><\/strong> afin d\u2019en savoir plus sur nos comp\u00e9tences en chapes et carrelage. Bas\u00e9s \u00e0 Anderlecht, nous nous d\u00e9pla\u00e7ons partout en Belgique pour donner un nouveau souffle \u00e0 votre maison ![\/vc_column_text][\/vc_column_inner][vc_column_inner][\/vc_column_inner][\/vc_row_inner][\/vc_column][\/vc_row][vc_row][vc_column]<div class=\"tm-element-heading-wrapper tm-heading-inner tm-element-align-left \">[vc_cta h2=\"Le sp\u00e9cialiste des chapes et du carrelage\"  h2_use_theme_fonts=\"yes\"  h2_google_fonts=\"font_family:Arimo%3Aregular%2Citalic%2C700%2C700italic|font_style:700%20bold%20regular%3A700%3Anormal\"  h4_use_theme_fonts=\"yes\"  h4_google_fonts=\"font_family:Lato%3A100%2C100italic%2C300%2C300italic%2Cregular%2Citalic%2C700%2C700italic%2C900%2C900italic|font_style:300%20light%20regular%3A300%3Anormal\"  txt_align=\"left\"  i_css_animation=\"\" css_animation=\"\"][\/vc_cta]<\/div> <!-- .tm-element-heading-wrapper container --> [vc_row_inner css=&#8221;.vc_custom_1434617785175{margin-bottom: 40px !important;}&#8221;][vc_column_inner width=&#8221;2\/3&#8243;][vc_images_carousel images=&#8221;6095,6094,6093,5900&#8243; img_size=&#8221;450X350&#8243; speed=&#8221;3000&#8243; autoplay=&#8221;yes&#8221; hide_pagination_control=&#8221;yes&#8221; hide_prev_next_buttons=&#8221;yes&#8221; css=&#8221;.vc_custom_1670489414843{margin-left: 50px !important;}&#8221;][\/vc_column_inner][vc_column_inner width=&#8221;1\/3&#8243;][vc_column_text]Vous pensez \u00e0 faire construire une nouvelle maison ? Vous aurez besoin d\u2019un ouvrier sp\u00e9cialis\u00e9 dans les chapes si vous voulez avoir un sol impeccable.[\/vc_column_text][\/vc_column_inner][\/vc_row_inner][\/vc_column][\/vc_row]<\/p>\n<\/section>","protected":false},"excerpt":{"rendered":"<p>[vc_row][vc_column][vc_row_inner][vc_column_inner][vc_column_text] Que pouvons-nous faire pour vous ? Faites appel \u00e0 nous pour les prestations suivantes : Terrassement et nivellement de terrain Pose de chapes de b\u00e9ton, pour l\u2019int\u00e9rieur ou l\u2019ext\u00e9rieur Pose de carrelages divers Des professionnels exp\u00e9riment\u00e9s \u00e0 votre service Nous b\u00e9n\u00e9ficions d\u2019une exp\u00e9rience de 10 ans dans le domaine du b\u00e2timent : nous sommes [&hellip;]<\/p>\n","protected":false},"author":1,"featured_media":0,"parent":0,"menu_order":21,"comment_status":"closed","ping_status":"closed","template":"","meta":{"footnotes":""},"class_list":["post-1764","page","type-page","status-publish","hentry"],"_links":{"self":[{"href":"https:\/\/rarenov.be\/index.php\/wp-json\/wp\/v2\/pages\/1764","targetHints":{"allow":["GET"]}}],"collection":[{"href":"https:\/\/rarenov.be\/index.php\/wp-json\/wp\/v2\/pages"}],"about":[{"href":"https:\/\/rarenov.be\/index.php\/wp-json\/wp\/v2\/types\/page"}],"author":[{"embeddable":true,"href":"https:\/\/rarenov.be\/index.php\/wp-json\/wp\/v2\/users\/1"}],"replies":[{"embeddable":true,"href":"https:\/\/rarenov.be\/index.php\/wp-json\/wp\/v2\/comments?post=1764"}],"version-history":[{"count":2,"href":"https:\/\/rarenov.be\/index.php\/wp-json\/wp\/v2\/pages\/1764\/revisions"}],"predecessor-version":[{"id":6209,"href":"https:\/\/rarenov.be\/index.php\/wp-json\/wp\/v2\/pages\/1764\/revisions\/6209"}],"wp:attachment":[{"href":"https:\/\/rarenov.be\/index.php\/wp-json\/wp\/v2\/media?parent=1764"}],"curies":[{"name":"wp","href":"https:\/\/api.w.org\/{rel}","templated":true}]}}