{"id":5711,"date":"2015-09-01T09:13:39","date_gmt":"2015-09-01T07:13:39","guid":{"rendered":"http:\/\/remould-data.thememountdemo.com\/?page_id=5711"},"modified":"2024-05-06T12:21:48","modified_gmt":"2024-05-06T10:21:48","slug":"accueil","status":"publish","type":"page","link":"https:\/\/rarenov.be\/","title":{"rendered":"Accueil"},"content":{"rendered":"<section class=\"wpb-content-wrapper\"><p>[vc_row css=&#8221;.vc_custom_1440754065677{padding-bottom: 40px !important;}&#8221;][vc_column width=&#8221;1\/4&#8243;]<div class=\"tm-sbox tm-sbox-iconalign-top none\">[vc_cta h2=\"CHAUFFAGE\"  h2_use_theme_fonts=\"yes\"  h2_google_fonts=\"font_family:Arimo%3Aregular%2Citalic%2C700%2C700italic|font_style:700%20bold%20regular%3A700%3Anormal\"  h4_use_theme_fonts=\"yes\"  h4_google_fonts=\"font_family:Lato%3A100%2C100italic%2C300%2C300italic%2Cregular%2Citalic%2C700%2C700italic%2C900%2C900italic|font_style:300%20light%20regular%3A300%3Anormal\"  txt_align=\"center\"  shape=\"none\"  style=\"transparent\"  color=\"grey\"  btn_title=\"Read More\"  btn_style=\"text\"  btn_gradient_color_1=\"turquoise\"  btn_gradient_color_2=\"blue\"  btn_custom_background=\"#ededed\"  btn_custom_text=\"#666\"  btn_outline_custom_color=\"#666\"  btn_outline_custom_hover_background=\"#666\"  btn_outline_custom_hover_text=\"#fff\"  btn_color=\"skincolor\"  btn_size=\"md\"  add_icon=\"top\"  hover=\"none\"  i_type=\"linecons\"  i_icon_fontawesome=\"fa fa-thumbs-o-up\"  i_icon_openiconic=\"vc-oi vc-oi-dial\"  i_icon_typicons=\"typcn typcn-adjust-brightness\"  i_icon_entypo=\"entypo-icon entypo-icon-note\"  i_icon_linecons=\"vc_li vc_li-fire\"  i_color=\"white\"  i_background_style=\"rounded\"  i_background_color=\"skincolor\"  i_size=\"lg\"  btn_align=\"center\"  i_css_animation=\"\" css_animation=\"\"]Vous h\u00e9sitez encore sur le type de chauffage \u00e0 faire installer dans votre nouvelle maison ?[\/vc_cta]<\/div>[\/vc_column][vc_column width=&#8221;1\/4&#8243;]<div class=\"tm-sbox tm-sbox-iconalign-top none\">[vc_cta h2=\"\u00c9LECTRICIT\u00c9\"  h2_use_theme_fonts=\"yes\"  h2_google_fonts=\"font_family:Arimo%3Aregular%2Citalic%2C700%2C700italic|font_style:700%20bold%20regular%3A700%3Anormal\"  h4_use_theme_fonts=\"yes\"  h4_google_fonts=\"font_family:Lato%3A100%2C100italic%2C300%2C300italic%2Cregular%2Citalic%2C700%2C700italic%2C900%2C900italic|font_style:300%20light%20regular%3A300%3Anormal\"  txt_align=\"center\"  shape=\"none\"  style=\"transparent\"  color=\"grey\"  btn_title=\"Read More\"  btn_style=\"text\"  btn_gradient_color_1=\"turquoise\"  btn_gradient_color_2=\"blue\"  btn_custom_background=\"#ededed\"  btn_custom_text=\"#666\"  btn_outline_custom_color=\"#666\"  btn_outline_custom_hover_background=\"#666\"  btn_outline_custom_hover_text=\"#fff\"  btn_color=\"skincolor\"  btn_size=\"md\"  add_icon=\"top\"  hover=\"none\"  i_type=\"linecons\"  i_icon_fontawesome=\"fa fa-thumbs-o-up\"  i_icon_openiconic=\"vc-oi vc-oi-dial\"  i_icon_typicons=\"typcn typcn-adjust-brightness\"  i_icon_entypo=\"entypo-icon entypo-icon-note\"  i_icon_linecons=\"vc_li vc_li-bulb\"  i_color=\"white\"  i_background_style=\"rounded\"  i_background_color=\"skincolor\"  i_size=\"lg\"  btn_align=\"center\"  i_css_animation=\"\" css_animation=\"\"]La mise en place de votre syst\u00e8me \u00e9lectrique est une t\u00e2che d\u00e9licate qui ne peut \u00eatre confi\u00e9e \u00e0 n\u2019importe qui, sous peine de vous retrouver avec des installations peu s\u00fbres.[\/vc_cta]<\/div>[\/vc_column][vc_column width=&#8221;1\/4&#8243;]<div class=\"tm-sbox tm-sbox-iconalign-top none\">[vc_cta h2=\"ISOLATION\"  h2_use_theme_fonts=\"yes\"  h2_google_fonts=\"font_family:Arimo%3Aregular%2Citalic%2C700%2C700italic|font_style:700%20bold%20regular%3A700%3Anormal\"  h4_use_theme_fonts=\"yes\"  h4_google_fonts=\"font_family:Lato%3A100%2C100italic%2C300%2C300italic%2Cregular%2Citalic%2C700%2C700italic%2C900%2C900italic|font_style:300%20light%20regular%3A300%3Anormal\"  txt_align=\"center\"  shape=\"none\"  style=\"transparent\"  color=\"grey\"  btn_title=\"Read More\"  btn_style=\"text\"  btn_gradient_color_1=\"turquoise\"  btn_gradient_color_2=\"blue\"  btn_custom_background=\"#ededed\"  btn_custom_text=\"#666\"  btn_outline_custom_color=\"#666\"  btn_outline_custom_hover_background=\"#666\"  btn_outline_custom_hover_text=\"#fff\"  btn_color=\"skincolor\"  btn_size=\"md\"  add_icon=\"top\"  hover=\"none\"  i_type=\"fontawesome\"  i_icon_fontawesome=\"fas fa-home\"  i_icon_openiconic=\"vc-oi vc-oi-dial\"  i_icon_typicons=\"typcn typcn-adjust-brightness\"  i_icon_entypo=\"entypo-icon entypo-icon-note\"  i_icon_linecons=\"vc_li vc_li-heart\"  i_color=\"white\"  i_background_style=\"rounded\"  i_background_color=\"skincolor\"  i_size=\"lg\"  btn_align=\"center\"  i_css_animation=\"\" css_animation=\"\"]La soci\u00e9t\u00e9 R.A Renov a plus d\u2019une corde \u00e0 son arc pour satisfaire vos besoins et prendre en charge vos travaux d\u2019isolation en Belgique. Mais nous ne nous arr\u00eatons pas l\u00e0 : nous pouvons aussi r\u00e9nover enti\u00e8rement votre fa\u00e7ade !<\/p>\n<div id=\"ConnectiveDocSignExtentionInstalled\" data-extension-version=\"1.0.4\"><\/div>\n<p>[\/vc_cta]<\/div>[\/vc_column][vc_column width=&#8221;1\/4&#8243;]<div class=\"tm-sbox tm-sbox-iconalign-top none\">[vc_cta h2=\"RENOVATION\"  h2_use_theme_fonts=\"yes\"  h2_google_fonts=\"font_family:Arimo%3Aregular%2Citalic%2C700%2C700italic|font_style:700%20bold%20regular%3A700%3Anormal\"  h4_use_theme_fonts=\"yes\"  h4_google_fonts=\"font_family:Lato%3A100%2C100italic%2C300%2C300italic%2Cregular%2Citalic%2C700%2C700italic%2C900%2C900italic|font_style:300%20light%20regular%3A300%3Anormal\"  txt_align=\"center\"  shape=\"none\"  style=\"transparent\"  color=\"grey\"  btn_title=\"Read More\"  btn_style=\"text\"  btn_gradient_color_1=\"turquoise\"  btn_gradient_color_2=\"blue\"  btn_custom_background=\"#ededed\"  btn_custom_text=\"#666\"  btn_outline_custom_color=\"#666\"  btn_outline_custom_hover_background=\"#666\"  btn_outline_custom_hover_text=\"#fff\"  btn_color=\"skincolor\"  btn_size=\"md\"  add_icon=\"top\"  hover=\"none\"  i_type=\"fontawesome\"  i_icon_fontawesome=\"fas fa-store-alt\"  i_icon_openiconic=\"vc-oi vc-oi-dial\"  i_icon_typicons=\"typcn typcn-adjust-brightness\"  i_icon_entypo=\"entypo-icon entypo-icon-note\"  i_icon_linecons=\"vc_li vc_li-heart\"  i_color=\"white\"  i_background_style=\"rounded\"  i_background_color=\"skincolor\"  i_size=\"lg\"  btn_align=\"center\"  i_css_animation=\"\" css_animation=\"\"]Pour modifier l\u2019agencement de votre maison ou pour permettre une meilleure isolation, les cloisons et plafonds en Gyproc sont la solution toute indiqu\u00e9e.[\/vc_cta]<\/div>[\/vc_column][\/vc_row][vc_row full_width=&#8221;stretch_row&#8221; bgtype=&#8221;grey&#8221; css=&#8221;.vc_custom_1670434736663{margin-right: 50px !important;margin-left: 50px !important;padding-bottom: 90px !important;}&#8221;][vc_column width=&#8221;1\/2&#8243;][vc_wp_text]<div style=\"width: 480px;\" class=\"wp-video\"><video class=\"wp-video-shortcode\" id=\"video-5711-1\" width=\"480\" height=\"640\" preload=\"metadata\" controls=\"controls\"><source type=\"video\/mp4\" src=\"https:\/\/rarenov.be\/wp-content\/uploads\/2024\/05\/VID-20231106-WA0029.mp4?_=1\" \/><a href=\"https:\/\/rarenov.be\/wp-content\/uploads\/2024\/05\/VID-20231106-WA0029.mp4\">https:\/\/rarenov.be\/wp-content\/uploads\/2024\/05\/VID-20231106-WA0029.mp4<\/a><\/video><\/div>[\/vc_wp_text][\/vc_column][vc_column width=&#8221;1\/2&#8243;][vc_custom_heading text=&#8221;R.A Renov, votre entreprise de construction&#8221; use_theme_fonts=&#8221;yes&#8221;][vc_column_text css=&#8221;.vc_custom_1714981298969{margin-bottom: 20px !important;}&#8221;]Vous \u00eates sur le point de vous lancer dans des travaux, mais vous ne savez pas \u00e0 quel entrepreneur vous fier ? Pour un chantier livr\u00e9 dans les d\u00e9lais et correspondant \u00e0 vos attentes, faites appel \u00e0 R.A Renov, notre entreprise de <strong>construction \u00e0 Anderlecht<\/strong>.[\/vc_column_text][vc_row_inner][vc_column_inner]<ul class=\"tm-list tm-list-style-icon\"><li><i class=\"tm-skincolor fas fa-angle-right\"><\/i>  Chauffage<\/li><li><i class=\"tm-skincolor fas fa-angle-right\"><\/i>  Cloisons et faux plafonds<\/li><li><i class=\"tm-skincolor fas fa-angle-right\"><\/i>  \u00c9lectricit\u00e9<\/li><li><i class=\"tm-skincolor fas fa-angle-right\"><\/i>  CHAPES ET CARLLAGE<\/li><li><i class=\"tm-skincolor fas fa-angle-right\"><\/i>  PLOMBERIE<\/li><li><i class=\"tm-skincolor fas fa-angle-right\"><\/i>  ISOLATION FA\u00c7ADE TOITURE<\/li><\/ul>[\/vc_column_inner][\/vc_row_inner][vc_btn title=&#8221;VOIR PLUS&#8221; style=&#8221;flat&#8221; size=&#8221;sm&#8221; link=&#8221;url:https%3A%2F%2Frarenov.be%2Findex.php%2Fnos-metiers%2F|title:Nos%20Services&#8221;][\/vc_column][\/vc_row][vc_row full_width=&#8221;stretch_row&#8221; parallax=&#8221;content-moving&#8221; parallax_image=&#8221;5625&#8243; bgtype=&#8221;dark&#8221; css=&#8221;.vc_custom_1441098948158{padding-bottom: 55px !important;}&#8221;][vc_column]<div class=\"row multi-columns-row thememount-portfolio-boxes-wrapper thememount-portfolio-view-default thememount-effect-default thememount-items-col-three  \" id=\"thememount-portfolio-id-72683346\"  ><div class=\"thememount-portfolio-text col-xs-12 col-sm-12 col-md-12 col-lg-12\"><div class=\"tm-element-heading-wrapper tm-heading-inner tm-element-align-center \">[vc_cta h2=\"NOS DERNIERS TRAVAUX\" h2_link=\"\" h2_use_theme_fonts=\"yes\" use_custom_fonts_h2=\"\" h2_font_container=\"\" h2_google_fonts=\"font_family:Arimo%3Aregular%2Citalic%2C700%2C700italic|font_style:700%20bold%20regular%3A700%3Anormal\" h4=\"\" h4_link=\"\" h4_use_theme_fonts=\"yes\" use_custom_fonts_h4=\"\" h4_font_container=\"\" h4_google_fonts=\"font_family:Lato%3A100%2C100italic%2C300%2C300italic%2Cregular%2Citalic%2C700%2C700italic%2C900%2C900italic|font_style:300%20light%20regular%3A300%3Anormal\" txt_align=\"center\" style=\"transparent\" el_width=\"100%\" css_animation=\"\"][\/vc_cta]<\/div> <!-- .tm-element-heading-wrapper container --> <\/div><\/div>[\/vc_column][\/vc_row][vc_row full_width=&#8221;stretch_row&#8221; bgtype=&#8221;skin&#8221; css=&#8221;.vc_custom_1440754201007{padding-top: 50px !important;padding-bottom: 45px !important;}&#8221;][vc_column][vc_cta h2=&#8221;Pour contactez notre soci\u00e9t\u00e9&#8221; txt_align=&#8221;center&#8221; add_button=&#8221;right&#8221; btn_title=&#8221;Contact&#8221; btn_style=&#8221;outline&#8221; btn_align=&#8221;center&#8221; btn_button_block=&#8221;true&#8221; btn_link=&#8221;url:https%3A%2F%2Fmusconstruct.be%2Fcontact%2F|title:Contact&#8221; css=&#8221;.vc_custom_1669753199531{margin-left: 500px !important;}&#8221;][\/vc_cta][\/vc_column][\/vc_row][vc_row][vc_column][vc_column_text]<\/p>\n<div id=\"ConnectiveDocSignExtentionInstalled\" data-extension-version=\"1.0.4\"><\/div>\n<p>[\/vc_column_text][\/vc_column][\/vc_row]<\/p>\n<\/section>","protected":false},"excerpt":{"rendered":"<p>[vc_row css=&#8221;.vc_custom_1440754065677{padding-bottom: 40px !important;}&#8221;][vc_column width=&#8221;1\/4&#8243;][\/vc_column][vc_column width=&#8221;1\/4&#8243;][\/vc_column][vc_column width=&#8221;1\/4&#8243;][\/vc_column][vc_column width=&#8221;1\/4&#8243;][\/vc_column][\/vc_row][vc_row full_width=&#8221;stretch_row&#8221; bgtype=&#8221;grey&#8221; css=&#8221;.vc_custom_1670434736663{margin-right: 50px !important;margin-left: 50px !important;padding-bottom: 90px !important;}&#8221;][vc_column width=&#8221;1\/2&#8243;][vc_wp_text][\/vc_wp_text][\/vc_column][vc_column width=&#8221;1\/2&#8243;][vc_custom_heading text=&#8221;R.A Renov, votre entreprise de construction&#8221; use_theme_fonts=&#8221;yes&#8221;][vc_column_text css=&#8221;.vc_custom_1714981298969{margin-bottom: 20px !important;}&#8221;]Vous \u00eates sur le point de vous lancer dans des travaux, mais vous ne savez pas \u00e0 quel entrepreneur vous fier ? Pour un chantier livr\u00e9 dans [&hellip;]<\/p>\n","protected":false},"author":1,"featured_media":0,"parent":0,"menu_order":10,"comment_status":"closed","ping_status":"closed","template":"","meta":{"footnotes":""},"class_list":["post-5711","page","type-page","status-publish","hentry"],"_links":{"self":[{"href":"https:\/\/rarenov.be\/index.php\/wp-json\/wp\/v2\/pages\/5711","targetHints":{"allow":["GET"]}}],"collection":[{"href":"https:\/\/rarenov.be\/index.php\/wp-json\/wp\/v2\/pages"}],"about":[{"href":"https:\/\/rarenov.be\/index.php\/wp-json\/wp\/v2\/types\/page"}],"author":[{"embeddable":true,"href":"https:\/\/rarenov.be\/index.php\/wp-json\/wp\/v2\/users\/1"}],"replies":[{"embeddable":true,"href":"https:\/\/rarenov.be\/index.php\/wp-json\/wp\/v2\/comments?post=5711"}],"version-history":[{"count":8,"href":"https:\/\/rarenov.be\/index.php\/wp-json\/wp\/v2\/pages\/5711\/revisions"}],"predecessor-version":[{"id":6218,"href":"https:\/\/rarenov.be\/index.php\/wp-json\/wp\/v2\/pages\/5711\/revisions\/6218"}],"wp:attachment":[{"href":"https:\/\/rarenov.be\/index.php\/wp-json\/wp\/v2\/media?parent=5711"}],"curies":[{"name":"wp","href":"https:\/\/api.w.org\/{rel}","templated":true}]}}