{"id":77,"date":"2014-07-21T07:08:03","date_gmt":"2014-07-21T05:08:03","guid":{"rendered":"http:\/\/apicona-data.thememount.com\/?page_id=77"},"modified":"2023-12-23T14:19:08","modified_gmt":"2023-12-23T13:19:08","slug":"a-propos-de-nous","status":"publish","type":"page","link":"https:\/\/rarenov.be\/index.php\/a-propos-de-nous\/","title":{"rendered":"\u00c0 propos de nous"},"content":{"rendered":"<section class=\"wpb-content-wrapper\"><p>[vc_row full_width=&#8221;stretch_row&#8221; bgtype=&#8221;grey&#8221; fullwidth=&#8221;&#8221;][vc_column width=&#8221;1\/2&#8243;]<div class=\"tm-element-heading-wrapper tm-heading-inner tm-element-align-left \">[vc_cta h2=\"\u00c0 propos RA-Renov SRL\"  h2_use_theme_fonts=\"yes\"  h2_google_fonts=\"font_family:Arimo%3Aregular%2Citalic%2C700%2C700italic|font_style:700%20bold%20regular%3A700%3Anormal\"  h4=\"RA-Renov SRL, entrepreneur en construction et renovation.\"  h4_use_theme_fonts=\"yes\"  h4_google_fonts=\"font_family:Lato%3A100%2C100italic%2C300%2C300italic%2Cregular%2Citalic%2C700%2C700italic%2C900%2C900italic|font_style:300%20light%20regular%3A300%3Anormal\"  txt_align=\"left\"  i_css_animation=\"\" css_animation=\"\"][\/vc_cta]<\/div> <!-- .tm-element-heading-wrapper container --> [vc_column_text css=&#8221;.vc_custom_1703337486205{margin-top: -25px !important;margin-bottom: 15px !important;}&#8221;]De Anderlech, RA-Renov SRL est votre sp\u00e9cialiste dans la construction et le renovation de batiment. Notre client\u00e8le fait notre r\u00e9putation.<br \/>\nDepuis plusieurs ann\u00e9es, nous avons \u00e9largi notre gamme de travaux au service r\u00e9fection toiture, chapes et carrelage, installation de chauffage, cloisons et faux plafonds en Gyproc, travaux d\u2019\u00e9lectricit\u00e9, isolation de fa\u00e7ade et de toiture, gros \u0153uvre et ma\u00e7onnerie, lomberie \u00e0 la demande expresse de nos clients.<br \/>\nNos \u00e9quipes, exp\u00e9riment\u00e9es, font un travail de pro, soign\u00e9 : B\u00e2che de protection, chaussons sur bottines, etc\u2026.<\/p>\n<p>Le g\u00e9rant, accuse une exp\u00e9rience de deux d\u00e9cennies. En accord avec nos chefs chantier, ils restent \u00e0 votre disposition.<\/p>\n<p>Apr\u00e8s votre demande, notre service accueil vous propose un RDV. Une premi\u00e8re \u00e9tude est faite sur place, une r\u00e9union de chantier se fait tous les matins et, un devis, sans engagement de votre part, vous est envoy\u00e9 par mail ou courrier.<\/p>\n<p>Actifs dans toute la Belgique<\/p>\n<p>Nos \u00e9quipes se d\u00e9placent en toute s\u00e9curit\u00e9. Ils effectuent un travail soign\u00e9, et rassurent le client quand cela est n\u00e9cessaire.<\/p>\n<p>Ils r\u00e9pondent \u00e0 vos questions, s\u2019ils n\u2019y arrivent pas, ils t\u00e9l\u00e9phonent au bureau et nous r\u00e9pondons \u00e0 votre demande.<\/p>\n<p>Nous sommes joignables \u00e0 tout moment.<\/p>\n<p>Pour vous convaincre de nos qualit\u00e9s, ne manquez pas de jeter un \u0153il \u00e0 nos\u00a0<a href=\"https:\/\/musconstruct.be\/realisations\/\">r\u00e9alisations<\/a>.[\/vc_column_text][vc_btn title=&#8221;LIRE LA SUITE&#8221; style=&#8221;flat&#8221; size=&#8221;sm&#8221; link=&#8221;url:https%3A%2F%2Frarenov.be%2Findex.php%2Fnos-metiers%2F|title:Nos%20Services&#8221;][\/vc_column][vc_column width=&#8221;1\/2&#8243;][vc_gallery type=&#8221;flexslider_slide&#8221; interval=&#8221;3&#8243; images=&#8221;5952,5951,5950,5949&#8243; img_size=&#8221;555&#215;315&#8243; css=&#8221;.vc_custom_1669736233750{margin-top: 80px !important;}&#8221;][\/vc_column][\/vc_row][vc_row full_width=&#8221;stretch_row&#8221; parallax=&#8221;content-moving&#8221; parallax_image=&#8221;5625&#8243; bgtype=&#8221;dark&#8221; css=&#8221;.vc_custom_1438073030155{padding-top: 100px !important;padding-bottom: 100px !important;background-position: center;background-repeat: no-repeat;background-size:cover;}&#8221; fullwidth=&#8221;&#8221;][vc_column][vc_cta h2=&#8221;ENTREPRENEURS DEPUIS 2005&#8243; txt_align=&#8221;center&#8221;][\/vc_cta][vc_btn title=&#8221;OBTENIR UN DEVIS&#8221; style=&#8221;flat&#8221; align=&#8221;center&#8221; link=&#8221;url:https%3A%2F%2Frarenov.be%2Findex.php%2Fcontact%2F|title:Contact&#8221;][\/vc_column][\/vc_row]<\/p>\n<\/section>","protected":false},"excerpt":{"rendered":"<p>[vc_row full_width=&#8221;stretch_row&#8221; bgtype=&#8221;grey&#8221; fullwidth=&#8221;&#8221;][vc_column width=&#8221;1\/2&#8243;][vc_column_text css=&#8221;.vc_custom_1703337486205{margin-top: -25px !important;margin-bottom: 15px !important;}&#8221;]De Anderlech, RA-Renov SRL est votre sp\u00e9cialiste dans la construction et le renovation de batiment. Notre client\u00e8le fait notre r\u00e9putation. Depuis plusieurs ann\u00e9es, nous avons \u00e9largi notre gamme de travaux au service r\u00e9fection toiture, chapes et carrelage, installation de chauffage, cloisons et faux plafonds en Gyproc, [&hellip;]<\/p>\n","protected":false},"author":1,"featured_media":0,"parent":0,"menu_order":11,"comment_status":"closed","ping_status":"closed","template":"","meta":{"footnotes":""},"class_list":["post-77","page","type-page","status-publish","hentry"],"_links":{"self":[{"href":"https:\/\/rarenov.be\/index.php\/wp-json\/wp\/v2\/pages\/77","targetHints":{"allow":["GET"]}}],"collection":[{"href":"https:\/\/rarenov.be\/index.php\/wp-json\/wp\/v2\/pages"}],"about":[{"href":"https:\/\/rarenov.be\/index.php\/wp-json\/wp\/v2\/types\/page"}],"author":[{"embeddable":true,"href":"https:\/\/rarenov.be\/index.php\/wp-json\/wp\/v2\/users\/1"}],"replies":[{"embeddable":true,"href":"https:\/\/rarenov.be\/index.php\/wp-json\/wp\/v2\/comments?post=77"}],"version-history":[{"count":3,"href":"https:\/\/rarenov.be\/index.php\/wp-json\/wp\/v2\/pages\/77\/revisions"}],"predecessor-version":[{"id":6190,"href":"https:\/\/rarenov.be\/index.php\/wp-json\/wp\/v2\/pages\/77\/revisions\/6190"}],"wp:attachment":[{"href":"https:\/\/rarenov.be\/index.php\/wp-json\/wp\/v2\/media?parent=77"}],"curies":[{"name":"wp","href":"https:\/\/api.w.org\/{rel}","templated":true}]}}